3?
11
Calculate the greatest common divisor of 765 and 60.
15
Calculate the greatest common divisor of 12 and 477.
3
What is the greatest common divisor of 3289 and 1573?
143
Calculate the highest common divisor of 172 and 13502.
86
What is the highest common factor of 1524 and 6?
6
Calculate the greatest common divisor of 606 and 7575.
303
What is the highest common factor of 9 and 1?
1
Calculate the greatest common factor of 2034 and 27.
9
Calculate the highest common divisor of 3871 and 98.
49
Calculate the highest common divisor of 242 and 88.
22
What is the highest common factor of 112 and 168?
56
Calculate the highest common factor of 66 and 9834.
66
Calculate the highest common factor of 2398 and 44.
22
Calculate the highest common factor of 119 and 63.
7
What is the greatest common divisor of 5772 and 78?
78
Calculate the highest common factor of 330 and 66.
66
Calculate the greatest common factor of 786 and 24.
6
Calculate the highest common factor of 1558 and 76.
38
What is the greatest common divisor of 1156 and 136?
68
Calculate the highest common factor of 1903 and 2249.
173
What is the highest common divisor of 22 and 11?
11
Calculate the highest common divisor of 17602 and 26.
26
Calculate the highest common factor of 752 and 24.
8
Calculate the highest common divisor of 292 and 64.
4
What is the greatest common divisor of 2106 and 52?
26
What is the highest common divisor of 11737 and 97?
97
What is the highest common factor of 113 and 15481?
113
Calculate the highest common divisor of 39 and 3.
3
What is the highest common divisor of 44 and 275?
11
Calculate the greatest common factor of 190 and 10.
10
What is the highest common divisor of 657 and 18?
9
What is the highest common factor of 24 and 552?
24
What is the greatest common factor of 158 and 2923?
79
What is the greatest common divisor of 12 and 768?
12
What is the greatest common divisor of 1309 and 17?
17
Calculate the greatest common factor of 260 and 80.
20
What is the greatest common divisor of 1580 and 2?
2
What is the greatest common factor of 2151 and 72?
9
What is the greatest common divisor of 189 and 1029?
21
What is the greatest common divisor of 117 and 10504?
13
Calculate the greatest common divisor of 87 and 3.
3
Calculate the highest common divisor of 260 and 4355.
65
Calculate the greatest common factor of 36 and 135.
9
What is the highest common divisor of 2 and 38?
2
Calculate the greatest common divisor of 478 and 4.
2
What is the greatest common divisor of 294 and 9506?
98
What is the greatest common divisor of 21 and 35?
7
What is the highest common factor of 141 and 329?
47
Calculate the greatest common factor of 30 and 98.
2
Calculate the greatest common divisor of 187 and 143.
11
Calculate the highest common divisor of 16 and 11056.
16
What is the highest common factor of 168 and 1428?
84
What is the highest common divisor of 14 and 6538?
14
Calculate the highest common divisor of 70 and 175.
35
What is the greatest common factor of 309 and 206?
103
Calculate the greatest common divisor of 33 and 22.
11
What is the greatest common factor of 4 and 56?
4
What is the highest common factor of 187272 and 81?
81
Calculate the highest common factor of 144 and 1800.
72
Calculate the highest common divisor of 239 and 1.
1
What is the highest common divisor of 8 and 12?
4
Calculate the greatest common divisor of 19971 and 126.
63
What is the greatest common divisor of 4 and 284?
4
Calculate the greatest common factor of 1012 and 92.
92
Calculate the greatest common factor of 218 and 6758.
218
Calculate the greatest common divisor of 2 and 50.
2
What is the greatest common divisor of 486 and 30?
6
What is the highest common factor of 754 and 58?
58
What is the highest common divisor of 652 and 163?
163
Calculate the highest common divisor of 15 and 3645.
15
What is the highest common factor of 1085 and 4970?
35
Calculate the highest common divisor of 32 and 740.
4
What is the highest common factor of 65 and 10?
5
Calculate the greatest common factor of 715 and 33.
11
Calculate the greatest common divisor of 208 and 144.
16
What is the highest common factor of 4 and 128?
4
Calculate the greatest common factor of 50 and 1550.
50
Calculate the greatest common divisor of 2886 and 546.
78
Calculate the greatest common factor of 1792 and 168.
56
What is the greatest common divisor of 60 and 15?
15
What is the greatest common divisor of 2040 and 24?
24
What is the greatest common divisor of 52 and 1352?
52
Calculate the highest common divisor of 1000 and 30.
10
What is the highest common factor of 48 and 80?
16
What is the greatest common factor of 210 and 30?
30
What is the greatest common factor of 58007 and 43?
43
Calculate the greatest common factor of 252 and 3724.
28
What is the highest common divisor of 96467 and 7?
7
What is the greatest common factor of 21 and 35?
7
Calculate the greatest common divisor of 154 and 132.
22
Calculate the greatest common factor of 275 and 100.
25
What is the greatest common factor of 80 and 1370?
10
Calculate the greatest common factor of 11 and 99.
11
What is the greatest common divisor of 33 and 968?
11
What is the greatest common factor of 9 and 26739?
9
Calculate the highest common divisor of 1694 and 28.
14
Calculate the highest common divisor of 427 and 7.
7
Calculate the greatest common factor of 174 and 47067.
87
Calculate the highest common divisor of 42 and 5691.
21
What is the highest common divisor of 9 and 150?
3
Calculate the highest common divisor of 15771 and 21.
21
What is the greatest common divisor of 225 and 27?
9
What is the highest common factor of 570 and 240?
30
What is the greatest common factor of 118 and 9322?
118
What is the highest common factor of 3297 and 21?
21
Calculate the greatest common divisor of 650 and 78.
26
Calculate the greatest common factor of 58 and 725.
29
What is the highest common divisor of 10 and 1690?
10
What is the greatest common factor of 3941 and 7?
7
Calculate the highest common divisor of 93 and 527.
31
Calculate the greatest common divisor of 76 and 51072.
76
What is the highest common factor of 70 and 40?
10
Calculate the highest common divisor of 20 and 100.
20
What is the highest common divisor of 2592 and 1248?
96
What is the highest common divisor of 65 and 143?
13
Calculate the highest common factor of 469 and 603.
67
Calculate the highest common factor of 902 and 11.
11
What is the highest common divisor of 264 and 9372?
132
Calculate the highest common divisor of 16 and 904.
8
Calculate the highest common divisor of 20 and 3020.
20
What is the greatest common divisor of 4245 and 15?
15
What is the greatest common divisor of 78 and 3627?
39
Calculate the greatest common divisor of 1 and 47.
1
Calculate the highest common divisor of 45 and 255.
15
What is the greatest common factor of 7 and 88?
1
Calculate the greatest common divisor of 5808 and 144.
48
Calculate the highest common factor of 6372 and 216.
108
What is the greatest common factor of 328 and 41?
41
What is the highest common factor of 6942 and 3?
3
What is the greatest common divisor of 78 and 702?
78
Calculate the greatest common divisor of 170 and 27455.
85
Calculate the greatest common divisor of 3127 and 59.
59
What is the highest common divisor of 456 and 1083?
57
Calculate the highest common divisor of 2 and 3958.
2
What is the greatest common divisor of 354 and 90?
6
What is the highest common factor of 98 and 518?
14
Calculate the highest common factor of 1412 and 8.
4
What is the highest common factor of 168 and 588?
84
What is the highest common factor of 2 and 811?
1
Calculate the highest common divisor of 10836 and 84.
84
What is the highest common divisor of 1683 and 748?
187
What is the highest common divisor of 48 and 3948?
12
Calculate the greatest common divisor of 58 and 290.
58
Calculate the highest common divisor of 26 and 403.
13
What is the greatest common divisor of 1469 and 452?
113
Calculate the greatest common divisor of 8 and 284.
4
Calculate the greatest common divisor of 19 and 4.
1
Calculate the highest common divisor of 1491 and 252.
21
What is the highest common factor of 1679 and 73?
73
Calculate the highest common factor of 3201 and 33.
33
Calculate the highe